4*r - 5. Let h be i(-6). Suppose 0 = -6*j + h*j - 3. Suppose 7*v + 10 = j. Give x(v).
6
Let b(h) = 3*h - 10*h - 5 + 5*h + 0*h + 2. Suppose c + 4 = 2*c. Suppose c*y = -0*y - 12. Give b(y).
3
Let h = -5 - -7. Suppose z = -2*l - 1 - 2, 4*z = h*l + 28. Let v(c) be the second derivative of -c**4/12 - c**3/6 + 2*c**2 - 45*c. Calculate v(l).
-8
Let b(u) = -5*u - 807 + 0*u - 800 + 1650. Calculate b(-9).
88
Let j(p) be the second derivative of p**4/12 - 5*p**3/6 - 5*p**2/2 - 21446*p. Let c(m) = -m**3 + 5*m**2 + m. Let x be c(5). Give j(x).
-5
Suppose -3*p = -4*g - 47 - 45, -2*g - 136 = -4*p. Let a(y) = p - 3 + 2*y - 9 - 23 + 2*y. Determine a(5).
21
Let o(d) be the first derivative of -d**4/4 + 5*d**3/3 + 11*d**2/2 - 15*d + 8. Suppose 0 = n - 5*n + 4, -n - 5 = -i. Calculate o(i).
15
Suppose 89 = 5*r - 31. Let k be ((-18)/10)/(r/(-80)). Let u(b) = 123*b - 1 - 115*b - 7*b**2 - 4*b**3 + 5*b**3. Determine u(k).
11
Let b(t) = -t + 9. Let n = -7 - -11. Let l(g) = 10*g - 31. Let d be l(n). Give b(d).
0
Let p(d) = -4*d**2 + 27*d + 1. Let z be 6 + 5 + 2 + -6. Let t be p(z). Let h(l) = l**3 + 7*l**2 + 7*l - 3. Determine h(t).
-9
Suppose -27*l + s - 1 = -23*l, 2*l = 4*s - 4. Let f(a) = 105*a - 1. Calculate f(l).
-1
Let w(a) = -a**2 - 6*a - 6. Let v(y) = 79 - 24*y + 48*y - 31*y. Let f be v(12). Calculate w(f).
-1
Let q(a) be the second derivative of -5*a**3/2 - 49*a**2/2 - 590*a. Calculate q(-5).
26
Let i = 5 + 0. Let h = 452 + -452. Suppose -i*a - 5 - 15 = h. Let b(w) = -w**2 - 6*w - 2. What is b(a)?
6
Let r(j) = 2*j + 24. Let x be r(9). Suppose 40*t = 37*t - x. Let l(v) = v**3 + 13*v**2 - 13*v + 11. Give l(t).
-3
Let u(m) = m**2 + 8*m - 10. Suppose 4*z - 540 = -0*z. Let x(g) = -g**3 - 5*g**2 + 117*g + 89. Let h be x(9). Suppose z = -23*a + h*a. What is u(a)?
-1
Let l(s) be the third derivative of 0 - 1/24*s**4 + 0*s + 13*s**2 + 1/6*s**3. Let q(h) = h**3 + 6*h**2 + 6*h - 2. Let z(u) = -4*l(u) - q(u). Calculate z(-6).
10
Let f(b) = 3*b + 5. Let v(u) = 7*u + 9. Let t(d) = 10*f(d) - 4*v(d). Let y be t(-8). Let c(p) = -11*p + 2*p**2 + 2*p - 1 + 8*p. Determine c(y).
9
Let i(m) be the second derivative of m**5/20 - 2*m**4/3 + m**3/2 - 15*m**2/2 - 4720*m. What is i(9)?
93
Suppose -14*z - 4*s = -15*z - 19, 5*z - 3*s = -27. Let g(u) = u**2 - 5*u - 1. Let c(x) = 7*x - x - 3*x - 2*x. Let w(n) = z*c(n) - g(n). Give w(4).
-7
Suppose -2*t = -3*d - 95, -4*d - 28*t = -30*t + 126. Let f(p) = -p**3 - 29*p**2 + 63*p + 31. Give f(d).
0
Let s(l) = -2*l**3 - 122*l**2 + 254*l + 126. Let k be s(-63). Let o(v) = 11 + 5 - 3 - v**3. What is o(k)?
13
Let j(u) = 4*u + 174. Let s(m) = -2*m**3 + 3*m**2 - 2*m - 10. Let x be s(3). Determine j(x).
2
Suppose 145 = -9*s + 379. Suppose s*p = 22*p + 276. Let q be (5*(-4)/(-3))/(46/p). Let f(r) = r**3 - 11*r**2 + 10*r - 1. Determine f(q).
-1
Let p(j) = 9*j**2 + 2*j + 7. Let f(q) = -7*q**2 - 2*q - 9. Suppose 76*y = 9*y - 335. Let s(w) = y*f(w) - 4*p(w). Calculate s(5).
2
Let z = 190 + -125. Let q(d) = z - 45 - 25 + d. Give q(4).
-1
Let j = 125 - 200. Let k be (-350)/j + (-8)/6*-1. Let o(w) = w**2 - 8*w - 4. What is o(k)?
-16
Let o = 350 + -348. Let p(j) be the second derivative of -3*j**o + 0 + 1/12*j**4 - 15*j + 1/2*j**3. Calculate p(-5).
4
Let h(u) = u**3 + 5*u**2 - 5*u + 11. Suppose -7*a + 3*b - 13 = -6*a, 4*a + 5*b = 33. Suppose -4*m = c + 6, 5*c + a*m + 30 = -m. Calculate h(c).
5
Let t(f) = -5*f - 12. Let d be t(-3). Suppose d = -3*k - 12, 37 = 2*h - 5*k. Let v(w) = w + 1. Calculate v(h).
7
Let v(t) = 224 - 5*t - 15 - 148. What is v(12)?
1
Let x(i) = -1593*i + 3 + 3227*i - 1614*i. Determine x(1).
23
Let i(s) = 252*s + 5053. Let g be i(-20). Let n = 9 + 4. Let a = n - g. Let q(l) = l**3 - l**2 - l + 2. Determine q(a).
2
Suppose -w + 3*p - 4 = 0, -2*p + 25 = -4*w + 29. Let y(b) be the third derivative of 0*b + 1/60*b**5 + 1/6*b**3 - 1/12*b**4 + 0 - 15*b**w. Give y(3).
4
Let t = -8 + 10. Let v(q) = t*q**2 - q - 3*q**2 - 1 - q. Let s be (324/144)/((-6)/8). What is v(s)?
-4
Let q(w) = w**3 - 16*w**2 + 42*w + 2. Let j be q(3). Let t(n) = -n**2 + 14*n - 36. Calculate t(j).
-3
Let o(r) = -19. Let z(t) = 4*t - 136. Let w(f) = -8*o(f) + z(f). What is w(-4)?
0
Let z(m) = 3*m**2 - 4*m**2 + 5*m - 2 - 2. Suppose -3*o = -p - 12, 23*p = 27*p - 6*o + 12. Determine z(p).
-10
Let r(l) = 14*l**2 - 124*l + 8. Let u(b) = -5*b**2 + 44*b - 3. Let k(h) = 6*r(h) + 17*u(h). Let f(d) = -d**3 + 5*d**2 + 5*d + 10. Let v be f(6). Give k(v).
-3
Suppose 38*p + 22*p - 1260 = -45*p. Let v(d) be the second derivative of -d**4/12 + 2*d**3 + 7*d**2 + d. What is v(p)?
14
Let b(y) = -3*y + 391. Let w(l) = -4*l + 312. Let x(s) = 4*b(s) - 5*w(s). Determine x(-2).
-12
Let k = 5 - 1. Suppose a = o - k, -2*o - 11 = 5*a - 4*o. Let w be 30/((-3)/a) + -2. Let t(r) = -r**3 + 9*r**2 - 6*r - 8. Give t(w).
8
Let s be ((-2)/4)/(2/(-4)). Let n(k) = -3*k**2 - 21*k - 13. Let h be n(-6). Let i(q) = 29*q**2 - h - 21*q**2 + 4. Give i(s).
7
Let c(u) = -5*u**2 - 9*u + 18. Let w(a) = -9*a**2 - 19*a + 35. Let o(m) = -5*c(m) + 3*w(m). Suppose -17 = 5*r + 3*z, -206*r + 2*z = -205*r + 19. What is o(r)?
1
Let i(c) be the third derivative of -c**5/60 + c**4/3 - 11*c**3/6 - 2*c**2. Let j be i(5). Suppose -y = j*y. Let g(k) = k + 5. What is g(y)?
5
Let t(o) = -8*o - 19. Let p(j) = -41*j - 92. Let w(d) = 2*p(d) - 11*t(d). Let b(k) = 3*k + 10. Let i(q) = 5*b(q) - 2*w(q). What is i(-2)?
-6
Let n(u) = 4*u + 1. Let a(o) = 5*o - 8. Let t(b) = -a(b) + n(b). Let z(w) = 2*w - 20. Let g(k) = -5*t(k) - 2*z(k). Determine g(8).
3
Let g be 247/26 - (-1)/2. Let q(t) be the second derivative of -t**4/12 + 3*t**3/2 - 3*t**2 + 86*t. What is q(g)?
-16
Suppose -2*z - 18 = -4*b, -4*b = -0*b + 2*z + 2. Suppose 30 = -3*r - b*r. Let u(k) = k + 8. Let w(m) = -m - 8. Let v(o) = -5*u(o) - 6*w(o). Give v(r).
2
Let x(z) = z**3 - 10*z**2 + 18*z - 14. Suppose 961*t + 196 = 1013*t - 220. Give x(t).
2
Let m(f) be the third derivative of f**4/24 + 28*f**2. Suppose 0 = 10*q + 439 - 449. Determine m(q).
1
Let z be -6*(1 + (-20)/15). Suppose 6*v - z*v - 7 = k, -4*v - k + 17 = 0. Let o(x) = -4*x + 3*x + 8*x**2 + x**v - 8*x. Determine o(-9).
0
Let b(h) = 5*h - 5. Suppose -5*t + 3*t = -5*t. Suppose 4*c + 0*c - o - 37 = t, 5*c = -4*o + 41. Calculate b(c).
40
Suppose -2*q + 2 + 0 = 4*r, 2*q = 5*r + 2. Let z(k) = 3*k**2 - q - k**3 - 23*k + 7*k + 14*k - 2*k**2. Calculate z(2).
-9
Let n be 1 + 2 - (-5 - 2). Let v be 372/(-155)*n/3. Let b(l) = -6*l + 2*l - 5*l - 10 - l**2. Calculate b(v).
-2
Let u(n) = 0 + 11*n - 9*n + 3 + 5. Let o(b) = -11*b - 47. Let s(m) = 6*o(m) + 34*u(m). Let a = 14 - 7. What is s(a)?
4
Let x(i) = i - 7. Let g(l) = l**2 - 8*l + 5. Let z be g(9). Suppose 0 = 29*a - 28*a - z. Suppose -11*h = -a*h - 18. Calculate x(h).
-13
Suppose 0 = 3*o + 2*j - 2 - 29, -3*o - 3*j = -36. Let h(d) = 8*d - 17. Let b be h(o). Let m(g) = 22*g**3 - 5*g**2 + 16*g**3 - b*g**3 + 8*g + 7. Give m(-6).
-5
Let f(h) = -h**2 - h - 7. Let k(g) = -24*g**3 - 4*g - 5. Let s(v) = f(v) - k(v). Determine s(1).
24
Let m(z) be the third derivative of -z**6/120 + 7*z**5/20 + z**4/12 - 7*z**3 - 1028*z**2. Determine m(21).
0
Let p(b) = -12*b + 50. Let g be p(3). Suppose k - g = 5*i + 8, 0 = -k + 2*i + 7. Let x(u) = -2*u**2 - 4*u - 2. Calculate x(k).
-8
Let s(l) = 2*l**2 - 12*l - 9. Let y(i) = -i**2 + 6*i + 4. Let h = -97 + 86. Let m(t) = h*y(t) - 6*s(t). Determine m(7).
3
Let o be (-18)/10 + 15/(-75) - -8. Let a(s) = -o*s + 3*s + 19 + s - 21. Determine a(-5).
8
Let s(g) = -g. Suppose -5*l + 5 = 0, -5*a + 19*l + 17 = 16*l. Suppose 6*z + 64 - a = 0. Calculate s(z).
10
Let f(t) be the first derivative of -t**7/840 + t**6/40 - t**5/10 + 5*t**4/12 - 5*t**3/3 + 22. Let n(w) be the third derivative of f(w). Determine n(8).
-22
Suppose 0 = -4*m - 12, -2795 = 5*l - 2*m - 3*m. Let h = -566 - l. Let y(q) be the first derivative of -q**2 + 4*q + 1. Calculate y(h).
12
Suppose l + 118*b = 114*b + 16, -l + 2*b + 10 = 0. Let h(d) = -d**3 + 11*d**2 + 15*d + 16. What is h(l)?
52
Let j(u) = -4*u**3 - 2*u**2 + 2*u - 2. Suppose 157*p = -17 - 454. What is j(p)?
82
Let g(k) = k**3 + 7*k**2 + 6*k - 10. Let v be (-2)/(-8) - 2200/352. What is g(v)?
-10
Let d = -7 + 9. Suppose -z + 2 = -d. Let y(q) be the second derivative of -q**3/2 + q**2/2 - 34*q. Give y(z).
-11
Suppose 356*z - 351*z + r = 41, 3 = 3*r. 